at is the units digit of l?
2
Let l be ((-22)/(-4))/((-2)/(-4)). Suppose 0 = 5*a + 3*s - l + 4, s + 11 = 5*a. Suppose -16 = -v - a. What is the tens digit of v?
1
Let t = -311 - -497. Let o = 353 - t. What is the hundreds digit of o?
1
Suppose -4*a - 3*w + 21 - 690 = 0, -5*a - 5*w = 835. What is the units digit of a/(-10)*2/((-6)/(-15))?
4
Suppose -w = -2*x + 5, -2 = 2*x - 4*x. What is the units digit of -1 - (-50 - (w - -3))?
9
Let a(m) = 45*m**2 - m - 1. Let p be 1 + (4 - (2 - -4)). What is the tens digit of a(p)?
4
Suppose 54 = 5*w - 411. What is the units digit of w?
3
Let m = 486 - 308. Suppose k + 14 = -2*o, -3*o = -0*k + k + 18. What is the tens digit of (-2)/k + m/6?
3
Let a(l) = -l**3 - 12*l**2 - 2*l - 20. Let x be a(-12). Suppose -x*n + 2*s = -s - 74, 2*n + 3*s = 46. What is the units digit of n?
0
Let a be ((-48)/(-30))/(1/5). Suppose -a + 816 = 5*b - 2*y, 5*b = -y + 796. What is the units digit of b?
0
Let s(t) = -7*t + 9. Let r be s(0). What is the tens digit of 2/r*1 - 1564/(-9)?
7
Suppose -7*f + 21*f - 3052 = 0. What is the tens digit of f?
1
Let m(j) = 3*j**3 - 2*j**2 + 2*j - 8. What is the tens digit of m(6)?
8
Let n(b) = 153*b - 40. What is the hundreds digit of n(6)?
8
Let u = -26 + 29. Suppose 2*w - u*c - 517 = 0, 1260 = 5*w - 0*c - c. What is the units digit of w?
1
Let q(b) = -5*b - 31. Let z be q(-9). Let p = 17 + -6. Suppose p*a + 84 = z*a. What is the units digit of a?
8
Let y = 1446 + -660. What is the hundreds digit of y?
7
Let o(d) = -d**3 + 2*d**2 + 16*d + 17. Let x be o(-7). Let u = x - 151. What is the hundreds digit of u?
1
Let t(i) = 8*i + 1. Let r(c) = 23*c + 2. Let d(u) = 3*r(u) - 8*t(u). What is the units digit of d(7)?
3
Let y = 10 - 34. What is the tens digit of (-4)/y - (-1735)/30?
5
Let v(y) be the first derivative of -y**4/4 + 8*y**3/3 - 9*y**2/2 + 9*y + 2. Let t be v(6). Suppose -11*p + 12*p = t. What is the tens digit of p?
2
Let y = -354 - -795. Suppose -b - y = -3*r, -3*b - 294 = -2*r - 0*r. What is the tens digit of r?
4
Let f(q) = -q**3 + 7*q**2 - 3*q - 11. Let a be f(5). Suppose 2*n + 0*n = 0. Suppose n*l - g = l - a, -4*g = 5*l - 120. What is the units digit of l?
4
Let p(r) = r**3 - 2*r**2 - 5*r + 5. Let a be p(3). Let m(f) = -2*f**3 - 4*f**2 - f + 4. Let h be m(4). What is the tens digit of (a/2)/(4/h)?
2
Let q(p) = p**3 + 22*p**2 - 12*p + 21. What is the units digit of q(-21)?
4
What is the hundreds digit of -3*28/(-24)*(7 - -41)?
1
Suppose 7*g + 9 = 4*g, -3*z - g + 810 = 0. Let v = -58 + z. What is the hundreds digit of v?
2
Let r = -25 + 535. What is the units digit of r?
0
Let x = 9 + -17. Let z(a) = -3*a - 19. Let k be z(x). Suppose -k*l + 2 = 3*d - 6, 4*d - 7 = -3*l. What is the units digit of l?
1
Let x(v) = 22*v**2 - 35*v - 34. What is the units digit of x(14)?
8
Suppose 0 + 4 = p. Suppose -p*g = -g. Suppose 2*l - 42 = -g. What is the tens digit of l?
2
Let w(k) = -k**2 - 6*k + 4. Let b be w(-6). Suppose b*v + 18 = -2*v. Let f = -1 - v. What is the units digit of f?
2
Suppose -f + 557 = -1365. What is the hundreds digit of f?
9
Let z = -37 + 52. Let h(t) = -t**2 + 15*t. Let w be h(z). Suppose 0*k + 5*k = -4*c + 150, 2*c + 4*k - 78 = w. What is the tens digit of c?
3
Suppose -8*u + 3103 + 721 = 0. What is the hundreds digit of u?
4
What is the units digit of (847/49 - -5)/(8/28)?
8
Let h = 31 + 49. What is the tens digit of h/(-2 + 6) + -4?
1
Suppose 14*a + 27927 = 43*a. What is the hundreds digit of a?
9
Let m be ((-62)/6 + -1)*-3. Let u = m - -5. Let z = 64 - u. What is the units digit of z?
5
Let h be -3 + 436 + (2 - 2). Suppose 0 = -5*v + 20, v - h - 643 = -4*t. What is the hundreds digit of t?
2
Let h(b) = 2*b**2 + b - 13. Let g(f) = -8*f**3 - 3*f**2 - 4*f - 2. Let l be g(-1). What is the units digit of h(l)?
2
Suppose 4*j - 4*l = 0, 0 = j + 2*j + 5*l - 32. Suppose j*k - 1 = -3*b + 2*b, -5*k = 5*b - 65. What is the units digit of b?
7
Let v be (2 + 2 + -1)/(15/295). Let q = v + 86. What is the tens digit of q?
4
Let x(m) = -12*m - 1. Let f be x(-3). Let j = -35 + f. Suppose 0*n = 2*n + 3*d - 5, j = -4*n + 2*d + 18. What is the units digit of n?
4
Let n(k) = -2*k + 5. Let l(v) = 5*v - 9. Let y(r) = 4*l(r) + 7*n(r). Let g(p) = -7*p + 1. Let a(h) = 5*g(h) + 6*y(h). What is the units digit of a(3)?
2
What is the tens digit of (3*1)/(1*18/5766)?
6
Let y(c) = -c**3 + 2*c**2 + 8*c - 2. Let x be y(4). Let o be (-10)/(-55) - x/(-11). Suppose o = -6*r + 72 + 198. What is the units digit of r?
5
What is the tens digit of (-180)/(-16)*(-144)/(-30)?
5
Suppose -3*x - 324 = 3*x. Let j = x - -71. What is the tens digit of j?
1
Suppose -2709 = -2*t + 3*c, 5*t - 4*c - 1961 - 4829 = 0. What is the thousands digit of t?
1
Let z be (-15)/(-12) - 1/4. Let p(c) = -42*c - 1 + 44*c + 3*c**3 + 48*c**3. What is the units digit of p(z)?
2
What is the hundreds digit of (-7)/((-476)/(-8)) + 104363/289?
3
Let c(q) = -q**3 + 6*q**2 + 7*q + 14. Suppose -3*x - 3*p = -x - 14, -3*x + 5*p + 21 = 0. What is the units digit of c(x)?
4
Let d = -1353 - -4998. What is the thousands digit of d?
3
Suppose 45*q - 8181 = 18*q. What is the tens digit of q?
0
Suppose -324*u = -326*u. Suppose -q + 107 + 71 = u. What is the tens digit of q?
7
Suppose 4*f + 40 = 2*k, 5*f - 2*k = -30 - 19. Let d = 18 + f. What is the units digit of (4 - 5) + d*3?
6
Let b = -153 - -199. Let w(k) = -k**3 + 7*k**2 + 11*k - 11. Let i be w(8). Let n = b - i. What is the tens digit of n?
3
Suppose -j - 5*a = -598, -3*j - 2*j + 2*a + 3098 = 0. What is the tens digit of j?
1
Suppose -3*k - 22 = 5. Let q(b) = -2*b - 13. Let y be q(k). Suppose 0 = 2*z - y + 1. What is the units digit of z?
2
Let r(j) = 88*j**2 + 9*j + 2. What is the units digit of r(-3)?
7
Let z = 191 - -1036. What is the hundreds digit of z?
2
Let o be (-2)/7 - 185/(-35). Suppose 176 - 516 = o*q. Let u = -20 - q. What is the units digit of u?
8
Suppose z = -5*w + 11560 + 249, 0 = w + 4*z - 2358. What is the units digit of w?
2
Suppose -4*k = 3*r - 1277, 4*r - 1691 = 7*k - 10*k. What is the units digit of r?
9
Suppose 2*h = 7*h - 5. Let d be 1 + (-2)/2*h. Suppose -5*m = -d*m + v - 205, -4*m + 164 = 4*v. What is the tens digit of m?
4
Let j be 0*(2/(-3))/2. Suppose r - 3*r + 2 = j, n + 15 = 4*r. Let t(i) = -i**2 - 13*i - 13. What is the units digit of t(n)?
9
What is the units digit of 104/10*(-2730)/(-52)?
6
Let r(f) = 8*f - 27. Let z be r(4). Suppose 5*c + 2*o = 1304, 7*c - z*o + 1310 = 12*c. What is the tens digit of c?
6
Let c be 11/4 - (-1)/4. What is the tens digit of 2/1*((-738)/(-4))/c?
2
Let d = -17 - -22. Suppose -l = 5*j + 29, j - d*l + 23 = -2*j. Let z = 30 - j. What is the units digit of z?
6
Let m = 1206 + 875. What is the tens digit of m?
8
Suppose 0 = 4*y - 7*c + 2*c - 270, 254 = 4*y + 3*c. Let a = 126 - y. What is the units digit of a?
1
Let y = 228 + -44. Let q = y + -57. What is the hundreds digit of q?
1
Let v = 2185 + -859. What is the tens digit of v?
2
Let t be 16/(-88) + 5372/22. Suppose 4*l - t = 3*n, -n - 8 = -3*n. What is the tens digit of l?
6
Let x(q) = q**2 - 7*q - 1. Let y be x(7). What is the units digit of -1 - -4 - y - (-1 - 236)?
1
Let q = 0 - -1. Let u be 8 + ((-6)/3 - q). Suppose 9*o = 8*o + u. What is the units digit of o?
5
What is the units digit of (15900/(-400))/(3/(-40))?
0
Let k be ((-5)/15)/((-1)/(-9)) - 3. Let i(f) = 4*f**2 + 7*f + 11. What is the hundreds digit of i(k)?
1
Let r(j) = -3*j**3 - 18*j**2 + 23*j - 10. What is the tens digit of r(-9)?
1
Suppose 0 = 4*l - 4*k - 6676, -2*k - 2*k = 3*l - 5042. What is the units digit of l?
4
Let d = 1606 + -2256. What is the tens digit of ((-4)/8)/(d/648 - -1)?
6
Let f be (-6)/(-14) + 4356/126. Let x = f + -32. Suppose 0 = -x*l + l + 104. What is the tens digit of l?
5
Suppose 0 = -29*u + 11181 + 5378. What is the tens digit of u?
7
Let x(q) = q**3 - 5*q**2 + q + 3. Let g be x(5). Let f = -6 + g. Suppose 0 = -f*n - 2*n + 56. What is the tens digit of n?
1
Suppose -3*g = -0*g - 714. Suppose -3*j - y + g = 0, j + 4*j - 2*y - 404 = 0. What is the tens digit of j?
8
Let f(z) = 64*z - 42. Let o be f(7). Suppose -o = -11*w + 738. What is the units digit of w?
4
Suppose -2*x = 2*r - 172, -2*x = -7*r + 2*r - 179. What is the tens digit of x?
8
Let z(u) = -4*u**2 + 2*u - 1. Let j be z(1). Let r = 70 + j. Suppo